 k**2 - 13*k. Let h be -2 - 5/(-4) - (-81)/12. Suppose -42 = -4*w + 2*o, 5*o + 9 = -h. Give b(w).
-36
Let t(r) = r - 17. Let u be t(18). Let n(k) = -10 - k**2 + 5*k - u + 8. What is n(5)?
-3
Let n(v) = 56*v - 8. Let u(q) = 76*q - 11. Let m(w) = -7*n(w) + 5*u(w). Give m(-3).
37
Let g(z) = -5*z + 9. Suppose -2*j - 7 = -55. Let u(a) = -27 - 27 - j + 73 + 3*a. Let v(p) = -4*g(p) - 7*u(p). Calculate v(0).
-1
Let t(x) = -82*x - 547. Let k be t(-7). Suppose 4*z - 2*n + k = 17, 5*n + 8 = -z. Let l(f) = f. Let c(m) = -5*m. Let w(y) = c(y) - 2*l(y). What is w(z)?
21
Let j(q) = 13*q + 149. Suppose 50*p + 750 - 200 = 0. Calculate j(p).
6
Let w(t) = 4*t**2 + 4*t + 7. Let v(z) = -z**2 - z - 2. Let g(s) = -9*v(s) - 2*w(s). Let o be 8 - (19 + 5) - -13. Calculate g(o).
10
Let y be 7 + (15 - 10 - 11). Let c(v) = 53*v**2 + 1. Calculate c(y).
54
Suppose -11 = -2*t - 1. Suppose 0*o + 5*s = t*o - 5, 4*o - 10 = -2*s. Let y(w) = -5 + 2*w**2 + 1 - w**3 - 2*w**2 - 2*w**o. What is y(-3)?
5
Suppose 0 = 2*a + 3*a - 8*a. Let x(b) = -b + 0 + 10 + 2 + 1. Calculate x(a).
13
Let g(h) = 21*h - h**2 - 22*h + h**3 + 0*h**3. Let y(m) = m**2 + 36*m - 301. Let n be y(7). Give g(n).
0
Let f(h) = h**3 - 4*h**2 - 8*h + 5. Let d(j) = 3*j**2 + 24*j + 41. Suppose -115*u + 148*u = -66. Let r be d(u). Determine f(r).
-10
Let b(n) = 4*n - 38. Let w be b(10). Let m(c) be the first derivative of -4/3*c**3 - 3*c + 7 + c**w. Calculate m(2).
-15
Let f = 367 + -365. Let z(d) = -28*d - 22*d - 21*d + 72*d - f. Calculate z(7).
5
Suppose -3*v = 15*i - 10*i + 37, 0 = 4*i + 8. Let b(q) = 3*q + 15. Give b(v).
-12
Let f = -554 - -561. Suppose -3*l = -14 + 2. Let m(r) = -7*r + r + l*r. Calculate m(f).
-14
Let b be (502/(-8))/((-1)/4). Let o(z) = 260*z + b*z - 7 - 512*z. Determine o(-5).
-2
Let q = -33 + 37. Suppose -q*w + 7*w = 0. Let u(y) = -10*y + 4. Let h(k) = 17*k - 8. Let p(v) = -3*h(v) - 5*u(v). What is p(w)?
4
Let z = -578 - -598. Let u(b) = -b**2 + 18*b + 13. Calculate u(z).
-27
Let c(w) = -w**3 - 8*w**2 - 8*w - 5. Let b(q) = q**2 + 26*q + 161. Let j be b(-13). Determine c(j).
59
Let x(b) = 4*b**2 + 4. Let o(w) = 7*w**2 + 8. Let t(k) = 3*o(k) - 5*x(k). Let p = 1011 - 663. Let h = p - 348. What is t(h)?
4
Suppose 3*j + 2*l - 61 = 0, -33*l - 46 = -3*j - 32*l. Let z(g) = g**3 - 20*g**2 + 54*g - 42. Let i be z(j). Let u(y) = y**2 - 7*y - 11. Give u(i).
7
Let c(f) = 133 - f**2 - 135 - f**2 - 8*f. Let b be c(-3). Let m(d) = d - 2. What is m(b)?
2
Let u = 165082 + -165072. Let i(h) be the third derivative of -h**6/120 + 3*h**5/20 + 11*h**4/24 - h**3 + h**2. Determine i(u).
4
Let s(d) = 22*d**2 - 19*d - 27. Let c(u) = 9*u**2 - 9*u - 13. Suppose 18*h + 35 = 20*h - 5*n, -n + 10 = 3*h. Let o(p) = h*c(p) - 2*s(p). Give o(8).
-3
Let s(d) = 2*d**3 + 7*d**2 + 6*d - 4. Suppose -25*l = 684 - 559. Give s(l).
-109
Let z(x) = 2*x**2 + 4*x + 11. Suppose 73*f - 71*f = -6. Determine z(f).
17
Suppose -40*v - 160*v + 1000 = 0. Let m(u) = 2*u**2 - 6*u - 6. Let n(s) = -s**2 + 3*s + 3. Let a(z) = 3*m(z) + 5*n(z). Calculate a(v).
7
Let g(r) = -1 - 22007*r + 22012*r - 7*r**2 + 8 + r**3. Calculate g(6).
1
Let b(q) = 2*q**3 - 2*q**2 - 2*q - 1. Let d(g) = -g**2 - g - 20. Let a be d(16). Let l = a - -291. What is b(l)?
-3
Let s(p) = 22*p + 2. Let l(z) = 80*z + 397. Let w(m) = l(m) - 4*s(m). What is w(49)?
-3
Let r(f) = 4*f**3 - 15*f**2 + 6*f - 6. Let d be (-2 + 4)/((-78)/(-156)). Determine r(d).
34
Let y(m) = 2*m**2 - 562. Let s be y(0). Let f = -565 - s. Let b(z) = -2*z - z**2 + 2 + 3*z + 2. Calculate b(f).
-8
Let j(t) = -t**2 + 4*t + 15. Let b = -2020 - -2024. What is j(b)?
15
Let j(z) be the second derivative of -1/12*z**4 - z - 27 + 3/2*z**3 + 2*z**2. Calculate j(8).
12
Let b(i) be the third derivative of -i**4/12 + 19*i**3/6 - 4*i**2 + 45*i + 4. Calculate b(12).
-5
Suppose -15*q + 5 = -14*q. Suppose k = 2*k - p, -4*k - q*p + 45 = 0. Let v(b) be the first derivative of b**2/2 + 3*b + 65. What is v(k)?
8
Let y(w) = w**2 + 1. Let v(l) = -3*l + 4. Let i(t) = -v(t) - y(t). Let o = -5387 - -5391. What is i(o)?
-9
Let g(p) = 336*p + 330. Let o(y) = -107*y - 110. Let m(r) = 6*g(r) + 19*o(r). Determine m(-6).
-8
Let z(m) = -m + 8. Let l be z(6). Let v(n) = 5*n**l + 3 - 3 - 1. Suppose f + 5*r = 2*r - 10, 3*f = r. Determine v(f).
4
Let o(x) = 13*x**2 + 17*x + 27. Let f(p) = 36*p**2 + 48*p + 84. Let r(s) = -5*f(s) + 14*o(s). Calculate r(-4).
-2
Suppose -13*a = -15*a + 4. Let d(g) = -4*g**3 + g**2 + 4*g + 2. Let l(y) = -y**3 + y + 1. Let n(m) = a*d(m) - 7*l(m). Give n(3).
-9
Let t(i) = -3*i. Suppose -f = 2*f - h - 13, h + 23 = 5*f. Suppose -f*a - 15 + 25 = w, 5*w + 3*a + 16 = 0. Calculate t(w).
15
Let x(n) = 3*n + 53. Suppose 0 = 169*t + 49 - 49. Determine x(t).
53
Let i(d) = -10*d + 26. Let h be (-168)/(-13) + -6 + (-24)/(-312). Calculate i(h).
-44
Let a = 91 - 91. Suppose 4*g + 1 = -5*d + 3, 2*d + 2*g = a. Let c(t) = 7*t - 842 + 837 - 4*t**d + 2*t**2. What is c(4)?
-9
Let j(u) = 17*u + 107. Suppose 4*n - 6*n - 3*l = -8, -4*n = l + 24. Give j(n).
-29
Let t(j) = j**2 - 6*j + 6. Suppose k = -4*u + 22 + 38, 0 = -2*u - 5*k + 12. Suppose -6*r + 9*r + 30 = 0. Let i = r + u. Give t(i).
6
Suppose -31 + 17 = -2*x, 0 = -r + 4*x - 29. Let o(g) = -41*g - 22. Calculate o(r).
19
Let o(v) be the first derivative of 3*v**2 - 37 + v + 1/3*v**3. What is o(-7)?
8
Let r(a) = -53*a + 51*a**2 + a**2 + 367*a**3 + 34 - 702*a**3 + 337*a**3. Give r(-27).
7
Let t(d) be the first derivative of 2*d**3/3 - d**2 - 4*d - 10. Let f = 334 - 331. What is t(f)?
8
Let s(h) = h - 789. Let z(n) = -2*n + 1105. Let k(b) = 7*s(b) + 5*z(b). Let w = -7 + 5. Determine k(w).
8
Let o(y) = 140*y - 2. Let v(s) = -208*s + 3. Let u(c) = -6*o(c) - 4*v(c). Suppose -2*q + i = 3*q - 4, i + 4 = -4*q. Let r = -1 + q. Determine u(r).
8
Let s(z) = -z**3 + 3*z**2 - 2. Let n = -210 - -220. Let x be n/40*-12 - 6/(-1). What is s(x)?
-2
Let m = 10 - 11. Let d be 1/(2 + (-2 - m)). Let q(g) = -20*g + 2. Let z(u) = 99*u - 10. Let f(l) = 5*q(l) + z(l). What is f(d)?
-1
Let i(w) = 9*w - 4. Let t(r) = -4*r + 3 - 4*r - r + 4*r. Let x(h) = -6*i(h) - 11*t(h). Determine x(13).
4
Let c(i) = -7*i + 26. Let b be c(3). Let j(y) = y - 8 + b + 1. Give j(0).
-2
Let k(w) be the third derivative of 0*w + 1/120*w**6 - 5/6*w**3 + 27*w**2 + 0 + 7/30*w**5 - 2/3*w**4. What is k(-15)?
10
Let y(z) = -z + 3. Let n be y(4). Let i(v) = -7*v - 26*v**2 + 3*v + 3*v - 24*v**2 + 49*v**2 + 12*v**3 - 1. What is i(n)?
-13
Suppose 4*c + 9*c - 104 = 0. Let m(h) = 19 + 12*h - 38*h + 13*h + 11*h. Calculate m(c).
3
Let k(m) = 5*m - 9. Suppose 47 = -4*h + 15. Let s(r) be the third derivative of -r**5/20 - 9*r**4/8 - 3*r**3 + 50*r**2. Let a be s(h). Determine k(a).
21
Let a(j) = 168*j**2 - 26*j - 124. Let c(v) = 67*v**2 - 14*v - 63. Let b(s) = -2*a(s) + 5*c(s). What is b(-13)?
-2
Let h(s) = s + 5. Let g be (16 + -12)/(1/4). Suppose 232 = -13*o - g*o. Determine h(o).
-3
Suppose 30*d = 3*x + 31*d - 9, 5*d = 4*x - 12. Let m(y) = -4 - 6 + y - 1 + 9. Determine m(x).
1
Suppose -27 = -18*z + 9. Let q be z*(-18)/8*128/(-192). Let l(d) = 6*d - 1. Give l(q).
17
Let v(z) = 851*z - 282*z - 283*z - 5*z**3 + 2 - 288*z. Calculate v(1).
-5
Suppose 5*c - 2*d - 25 = -7*d, d = c - 11. Let s be 2 + 33/39 - c/(-52). Let v(m) = 2*m - 4. Let t(y) = y - 3. Let b(n) = 4*t(n) - 3*v(n). Calculate b(s).
-6
Let y = -942 - -936. Let u(z) = z**2 + 6*z + 16. What is u(y)?
16
Suppose 0 = 4*j + 12, 2*r - 5*j + 6 = 1. Let g = r + 8. Let i(q) be the third derivative of -q**5/30 - q**4/24 - 135*q**2. Calculate i(g).
-6
Let t = -9356 - -9378. Let g(s) = s**3 - 22*s**2 - 2*s + 31. Calculate g(t).
-13
Let w(u) = u**2 - 28*u - 2847. Let q be w(69). Let n(b) = -b**2 - 33*b - 271. Determine n(q).
-1
Let m(p) = -7*p + 4. Suppose 0 = 5*f - 4*k - 5, -3*f - 5 = -2*k - 2*k. Suppose s + 8 + 2 = -5*b, -22 = -b - f*s. Calculate m(b).
25
Let q(p) = p**3 - 5*p**2 + 6*p - 4. Suppose 4*r - 3*s - 12 - 8 = 0, -2*s + 8 = 0. Suppose 0 = -t - 6 + r. Let y be (46/(-23))/((-1)/t). Determine q(y).
4
Let b(i) = -1020*i + 44. Let v(g) = -1188*g + 45. Let u(m) = -7*b(m) + 6*v(m). Determine u(8).
58
Let q = -24/37 - -613/888. Let u(v) be the third derivative of 15*v**2 + 0*v + 0 + q*v**4 + 2/3*v**3. Calculate u(-4).
0
Suppose 832 = -457*f + 561*f. Let r(w) = -6*w + 5*w - 7*w - 1 + w**2. Give r(f).
-1
Let 